2 + 22*w + 3. Let t be n(-10). Let r = -957 - t. Suppose -u - 3*k = -r, -5*k - 1891 = -2*u - 2*u. Is u a composite number?
True
Suppose 2*y + 7248 = -4*f, 2*f - 5438 = 5*f + 2*y. Let b = 8279 + f. Is b a composite number?
False
Let o = 117 + -117. Suppose o = 16*x - 116011 - 233413. Is x a prime number?
True
Let o be (0 + 2131)*(-7)/(-35)*-5. Is o/(-2) + (-9)/(-6) composite?
True
Let s = -142297 + 291430. Is s composite?
True
Let v(p) = 42*p + 1 + 221 - 140*p + 6 - 41*p. Is v(-7) prime?
True
Suppose 191 - 177 = 2*z. Suppose 1009 + 24604 = z*y. Is y composite?
False
Let w be (-2*6 - -4) + -1. Let u(r) = r**2 + 20*r - 5. Let s be u(w). Let t = s - -391. Is t a composite number?
True
Let u(i) = 24*i + 142. Let q be u(-6). Suppose 5*y + 11 = -9. Is (-1077)/q + (-10)/y + -3 a prime number?
False
Let q be 19962/4 - (-87)/58. Suppose 3*x - q = -801. Is x a composite number?
True
Let b be (-12)/(-7 + 4) - -294. Let o = b - 41. Suppose -o = -2*f + 165. Is f prime?
True
Let n be 5/(150/(-135))*8/(-3). Is ((-2)/n)/((-2)/8088*2) prime?
True
Let c = -27000 + 46212. Suppose 5*w - 109867 + c = j, 0 = -2*w - 4*j + 36262. Is w a composite number?
False
Suppose 0*r + 3*r = 3*k + 6, r - 3*k = 2. Suppose 0 = -5*p + r*i + 5420, -i - 4 = 1. Is p a prime number?
False
Let c(m) = -205*m - 23. Let u = 28 + -28. Suppose -a + 2*f + u*f - 18 = 0, 3*f = 3*a + 45. Is c(a) a prime number?
True
Let f(j) be the third derivative of -j**6/20 + 13*j**5/60 - j**4/8 - 29*j**3/6 + 4*j**2. Let m be f(-13). Suppose -3*o = 8*o - m. Is o composite?
False
Suppose -s + 6 = 2*q - 3, 5*q - 27 = 2*s. Suppose q*z = 0, -3*z = 2*i - 2*z - 1184. Let c = -330 + i. Is c a composite number?
True
Suppose 0 = -4*p - 2*n + 295262, -3*p + 5*n = -160613 - 60801. Is p a prime number?
False
Let s(t) = -16*t - t**3 - 10*t**2 - 10 - 9 + 4. Let h be s(-8). Is (3294/h + -2)/((-12)/30) a composite number?
True
Let y(i) = -i**3 + 7*i**2 + 4*i + 8. Let j be y(7). Suppose 5*p + j = 106. Is 5/((-105)/(-6117)) + (-4)/p a prime number?
False
Suppose 4*o = 2*a - 1654598, 3*o - 876832 - 1605038 = -3*a. Is a a composite number?
False
Let k = -106061 - -260520. Is k composite?
False
Suppose 174*i + 6 = 176*i. Suppose -3*p + 5896 = i*b - 12404, p + 5*b - 6096 = 0. Is p prime?
True
Let n(f) = -35*f + 9. Let x be n(-5). Let p = 443 - x. Suppose -p = -11*q + 10*q. Is q composite?
True
Let z = -206 + 214. Suppose 10*d - z*d - 2018 = 0. Is d a composite number?
False
Let c(a) = 2*a**2 + 2*a + 9. Let j be c(22). Let f = j + -572. Is f a composite number?
False
Suppose v + 0 = 3*q + 8, -q + 3*v + 8 = 0. Is ((-2)/(-8) + 28053/q)/(-1) a prime number?
True
Let b(m) = 8558*m + 63. Let j be b(2). Suppose -13*u - j = -114380. Is u prime?
True
Let v(q) = q**3 + 17*q**2 + q + 28. Let n be v(-17). Let h = 13 - n. Suppose 7 + 4911 = h*b. Is b a prime number?
True
Suppose 13 - 29 = -4*b. Suppose -b*z + 26 = 18. Suppose -5*t - s - z*s = -2395, 4*t - 2*s = 1916. Is t prime?
True
Let a = 864 + -869. Suppose 31 = -2*p + 1. Is -1*(p/75 + 2094/a) composite?
False
Let q = -45 - -49. Suppose q*y - 7574 = -3*y. Is y a composite number?
True
Let u = -468 - -473. Let y(q) = 1930*q + 69. Is y(u) prime?
True
Let k(h) = h**2 + 3*h + 865. Let i(v) = -2*v**2 + 22*v + 25. Let q be i(11). Suppose 3*u - q = -g - 4*g, -2*u = g - 5. Is k(u) a prime number?
False
Suppose 0 = -2*s + 8*s - 4908. Suppose 2*y - s - 1654 = 0. Suppose 0 = m + 3*m - y. Is m prime?
False
Let i be (-2 + 0)*5528/(-16). Let o = i - 968. Let d = 744 + o. Is d composite?
False
Suppose -a = -2*t - 3335, -5*a + 3305 = -4*a + 4*t. Suppose 0 = -9*x - 16*x + 39350. Let o = a - x. Is o a composite number?
True
Let s be 3160*((-6)/4 + 2). Let y be (6/21*2)/((-6)/42). Is s - 2/(6 + y) a composite number?
False
Let d(a) = 289*a**2 - 30*a - 9. Let k(z) = -145*z**2 + 14*z + 5. Let q(p) = -6*d(p) - 13*k(p). Is q(-6) prime?
True
Let p be (-92)/12 + (-1)/3. Let u(w) = -w**2 - 11*w - 18. Let r be u(p). Suppose -r*t = -t - 6085. Is t prime?
True
Let z be (-6 - 56/(-9)) + (-40)/18. Is ((-5227)/z)/(5/10) prime?
True
Suppose -14118361 = -51*r - 5333968. Is r a prime number?
True
Suppose 0 = -33*s - 17*s + 7900. Let i = s - -333. Is i a prime number?
True
Let t(o) = -3*o**3 - o**2 - o + 10. Let m be t(-4). Suppose p = -4*p - d + 511, 4*d - m = -2*p. Is p a composite number?
False
Let n(s) = 7*s**3 + 9*s**2 + 115*s + 4. Is n(25) a composite number?
True
Let x(z) = 24119*z + 1398. Is x(17) a prime number?
True
Let s(i) = 263*i - 217. Let d = 51 - 39. Is s(d) a composite number?
False
Let b = -13454 - -54063. Is b a composite number?
False
Is -14 + (88089 - (19 + -13)) a composite number?
False
Let w = -40 - -41. Let p(l) = -l. Let j(r) = 2*r + 4. Let g(m) = w*j(m) + 4*p(m). Is g(-3) a composite number?
True
Suppose 5*y - 152114 = -3*m, -121701 = -4*y - 548*m + 547*m. Is y composite?
False
Let n(y) = 12 + 1095*y + 1434*y + 11 - 530*y + 35. Is n(7) a prime number?
True
Let x = 176 + -155. Let d(o) = 6*o**2 + 22*o - 35. Is d(x) composite?
True
Suppose -5*m = -5*o + 1455, -4*m + 133 = 117. Let d be -84*2*58/(-12). Let p = d - o. Is p a prime number?
False
Let v = -28271 - -95988. Is v composite?
True
Suppose -d - 191 = -3784. Is d a composite number?
False
Let b(p) = -p**3 + 5*p**2 - 12. Let k be b(4). Suppose -k*y = -27 - 5. Suppose 41 + 2079 = y*d. Is d composite?
True
Let w be (-8)/(-96)*-4*(-15 + 0). Suppose 5*n - 1690 = -5*s, 0*n - w*s = n - 342. Is n a composite number?
False
Let o(a) = 65*a**2 - 5. Let s be o(-6). Suppose 5*i + 2*j - 11663 = 0, 7*i + 2*j + s = 8*i. Is i a prime number?
True
Suppose -1873*r + 1878*r = 4*n - 285802, -5*n - 3*r = -357308. Is n composite?
True
Let v(t) be the second derivative of 89*t**3/2 - 41*t**2/2 - 40*t. Is v(4) a prime number?
False
Let o = -1211567 + 1854768. Is o a composite number?
True
Suppose -16*o = -p - 12*o + 168697, -3*p = o - 506130. Is p prime?
False
Let t(b) = -b**3 - 2*b**3 - 19 + 26*b + 8*b**3 - 7*b**2 + 3*b**2. Is t(10) a composite number?
True
Suppose 4*p - 212879 = 567197. Is p prime?
False
Let v be (12/3)/(-16) - (-99)/12. Is (1 + 4/v)/((-2)/(-7468)) a composite number?
True
Is (-2 + 7 - 56/(-16))*2038 composite?
True
Let v(f) = 2*f - 24. Let q be v(13). Suppose 0 = -5*s - q - 3. Is 108/3 + (-3 - s) prime?
False
Suppose -110 = -p - q, p - 110 = -4*q + 5*q. Let k be (-272)/(-40)*4/2*p. Let x = k - 703. Is x a composite number?
True
Let n = 160 - 161. Is 0 + (1365 - 0) + 2/n a composite number?
True
Suppose 11*w - 19*w + 267943797 = 91*w. Is w a composite number?
False
Let j(l) = -l**3 + 9*l**2 - 3*l - 63. Let w be j(6). Suppose w*t = -14*t + 342473. Is t prime?
True
Suppose -52*h + 1699866 = -1214890. Is h composite?
False
Suppose 3*s + 4*w = -283380 + 923053, 0 = 5*s - w - 1066114. Is s composite?
False
Let w = -187949 - -332386. Is w a composite number?
True
Suppose 11*r + 12*r = 2*r. Suppose y - 5*m - 28476 = -2*y, -y - 2*m + 9481 = r. Is y a composite number?
True
Let d(n) = 8*n**2 - 28*n - 59. Let l be d(-31). Let a = -5146 + l. Is a composite?
True
Let k(m) = 0*m - 1757*m**3 + 2*m + 4 - 2. Let o(r) = -r**3 - 9*r**2 - 9*r - 9. Let w be o(-8). Is k(w) a composite number?
True
Let d = 137105 - 70354. Is d prime?
True
Let k = 18 - 11. Suppose 0 = 2*w - r - k, -5*r - 8 + 1 = 4*w. Suppose -o + w = 0, -3*t + 445 = 4*o - 5*o. Is t a prime number?
True
Suppose 3*u + 0*u = -5*n + 2871771, -u - 1148704 = -2*n. Is 2/17 + 10 + n/221 a composite number?
False
Let h = -538 - -540. Let p(v) = 1866*v**2 + v - 1. Is p(h) composite?
True
Suppose -12*m + 0*m + 72 = 0. Is (0 + 1 + -20111)*(-3)/m a composite number?
True
Let m(q) be the second derivative of -55*q**4/3 - 3*q**3/2 - 5*q**2 - 12*q. Let t(k) be the first derivative of m(k). Is t(-4) prime?
False
Let v be (-45)/75 + 46/10. Suppose 0*b + v*b = 30416. Suppose n - 2775 = 2*i, 4*n + 3*i + b = 18660. Is n prime?
True
Let g(z) = z**2 + 13*z - 4. Let r be g(2). Is (26/r)/((-2)/(-1838)) a composite number?
False
Is 742/42 - 15 - (-1074207)/9 a composite number?
False
Is (303766/(-16))/(69/(-552)) composite?
False
Suppose 203 = -5*f + 2*k, 2*f = -0*f - 3*k - 66. Let a = f - -47. Let q(x) = 7*x**2 - 4*x - 7. Is q(a) composite?
False
Let h = 112 + -101. Suppose -165 - 44 = -h*f. Is f prime?
True
Is 8/(-384)*-234569